
3
Let f be 1 + (-12)/3 + 3. Suppose f = 3*w - 2*w - 3. What is the units digit of w?
3
Let a(c) = -3*c + 14. Let h be a(8). Let z = h - -13. Suppose 2*q - y = z*y + 54, -3*y - 57 = -2*q. What is the tens digit of q?
3
Let t(w) = -w - 6. Let r be t(-12). Suppose u - r*u - 15 = 0. What is the tens digit of (-114)/u - (-5 + 8)?
3
Let u(k) = 38*k - 3. Let v be u(3). Suppose 3*b - 24 = v. What is the units digit of b?
5
Suppose i = -5, t + 6*i = 3*i - 11. Suppose -326 - 34 = -t*n. Suppose 5*q - n = 15. What is the units digit of q?
1
Let x(p) = -2*p - 8. Let y be x(-9). Let k be (-86)/(-10) + 4/y. Suppose 52 + k = 5*t + 3*m, -45 = -5*t + 5*m. What is the tens digit of t?
1
Suppose -2*k = -0*k - 8. Suppose -5*n + p = -721, -k*n + p = -5*n + 143. Suppose 0 = -5*a - 3*x + n, 75 = 3*a + 4*x - 6*x. What is the units digit of a?
7
Let m = 296 - 237. What is the tens digit of m?
5
Suppose -8*j = -6*j + 18. Let c = j - -13. Suppose -m - c*m = -5. What is the units digit of m?
1
Let f = 879 + 1989. What is the units digit of f?
8
Suppose p - 1 = -i, i + 4 + 1 = 5*p. Suppose v + 23 = -i*v. Let o = -10 - v. What is the units digit of o?
3
Suppose 0 = -12*m - 4*m + 48. Suppose -2*j + 165 = -0*j - 3*w, -m*j + 270 = 3*w. What is the tens digit of j?
8
Suppose 19 = -2*a - 6*s + 9*s, 0 = -3*a + s - 11. Suppose 11 + 21 = 4*n. Let y = a + n. What is the units digit of y?
6
Let x(z) be the first derivative of z**2/2 + 95*z + 8. What is the units digit of x(0)?
5
Suppose 22*b = 14*b - 2232. Let h = b + 473. What is the tens digit of h?
9
Suppose 59*u = 58*u - 5, 0 = 4*j + 5*u - 7655. What is the hundreds digit of j?
9
Suppose -4*i - 185 = 2*n - 927, 0 = -3*n + 2*i + 1145. What is the hundreds digit of n?
3
Let l(h) = -h**3 + 15*h**2 - 14*h. What is the hundreds digit of l(7)?
2
Suppose 0 = -0*x - x + 4*n + 23, x - 26 = 5*n. Suppose t + 5*z = 4, -5*t + 4*z + 9 = -x. What is the units digit of t?
4
Suppose 9*c = 13*c + 12, 3*c + 292 = q. What is the tens digit of q?
8
Let m(p) = 3 + 0 + 45*p + 10. Let k(f) = -11*f - 3. Let r(s) = -18*k(s) - 4*m(s). What is the units digit of r(2)?
8
Let a = -15 + -1. Let b be 10/((a/(-20))/2). Let c = b + 0. What is the units digit of c?
5
Let r(g) = 7*g + 22. Let u be r(-17). Let l = 128 + u. What is the tens digit of l?
3
Suppose 2*m + 432 = x, -3*x + 9*m = 7*m - 1304. What is the hundreds digit of x?
4
Let h(f) = -f**3 + 14*f**2 + 17*f + 31. What is the tens digit of h(11)?
8
Let f(b) = -8*b + 151. What is the tens digit of f(12)?
5
What is the tens digit of ((-307)/(20/(-8) + 2))/2?
0
What is the thousands digit of ((-18)/4)/((-110)/60940)?
2
Suppose 3*b = 8 - 20, 3032 = 5*j - 3*b. What is the hundreds digit of j?
6
Let n(w) = -w**3 + 5*w**2 + 2*w - 7. Let o be n(5). Suppose -247 = -3*b + 5*m, 8*m = -o*b + 3*m + 197. What is the units digit of b?
4
Let h(g) = g**2 + 16*g + 33. Let i be h(-14). Suppose 20 = i*t, 0*s = 4*s - t - 280. What is the units digit of s?
1
Let q(r) = 4*r**2 - 2. Let s be q(3). Suppose 2*k - 43 = -3*k - 3*o, -4*k = 2*o - s. Let t = 21 + k. What is the tens digit of t?
2
Let g = 3164 + -1264. What is the units digit of g?
0
Let d(f) = f**3 + 10*f**2 + 8*f + 4. What is the units digit of d(5)?
9
Let v be (-3)/((-9)/24) - 3. Suppose -4*h - v - 7 = 0, q = h + 67. What is the tens digit of q?
6
Let d(m) = 11*m - 1. Let t be d(1). Let j = -10 + t. Suppose j = -3*n + 5 + 13. What is the units digit of n?
6
Let b = -115 + 637. What is the units digit of b?
2
Let o be 4*3/6*-13. Let p = -26 - o. What is the tens digit of 3 - (-46)/(p + 2)?
2
Suppose -3*t = 3*n - 0*n + 3, -5*t + n = -19. Let o be ((-14)/2)/(-4 + t). What is the units digit of (o + -3)/(1/14)?
6
Let c(x) = -2*x**2 + 5*x + 22 - x**3 + 6*x**2 - 29 + 10*x**2. What is the tens digit of c(14)?
6
Let b(f) = 2*f**2 - 47*f + 44. What is the tens digit of b(33)?
7
Let b(w) = 4*w - 97. Let f(r) = -7*r + 194. Let h(o) = 5*b(o) + 3*f(o). What is the units digit of h(0)?
7
Let b(w) = 2*w**2 + 6. Let f be b(7). Let i = 147 - f. What is the tens digit of i?
4
Let r = 18 + -35. Suppose 2*o = 4*o - 110. Let t = o + r. What is the tens digit of t?
3
Suppose 7 + 17 = 2*a. Let k(i) = -4*i**2 - 152*i + 7. Let z be k(-38). What is the units digit of 3*a + z + -3?
0
Let i(m) = 3*m**2 - 5*m - 21. Let d = -23 + 29. What is the tens digit of i(d)?
5
Let j be 1662/(-30) - 9/15. Let r = 119 + j. What is the tens digit of r?
6
Let c(r) = -2*r + 0 + r + 1. Let s = -296 - -293. What is the units digit of c(s)?
4
Let r = -3107 + 5052. What is the hundreds digit of r?
9
Let q(y) = -y**3 - 5*y**2 - y + 10. Suppose -5*s = 32 - 2. What is the units digit of q(s)?
2
Let r be (2/(-4))/(14/(-1512)). Suppose -2*b - r = 30. Let i = -23 - b. What is the tens digit of i?
1
Let s = -1 - 3. Let w be 1/s - (-2964)/16. What is the units digit of 5/(-20) + w/4?
6
Suppose -h = f - 456, h - 2*f - 513 = -72. What is the hundreds digit of h?
4
Suppose 5*g - 3078 - 1764 = -4*v, -4*v = 2*g - 1932. What is the units digit of g?
0
Let f(a) = -a**3 - 6*a**2 - 7*a + 11. Let u be f(-6). Suppose 4*x + u = 229. What is the units digit of x?
4
Let r(s) = s**2 + 11*s. Let b be r(-10). Let q be (-16)/20*b/4. Suppose -q*m + 24 = -22. What is the units digit of m?
3
Let g(m) = -2*m**2 + 30*m + 2. Suppose 0 = -5*z - 15 + 80. What is the tens digit of g(z)?
5
Let c(j) = 5 - 140*j**2 + 3 + j + 143*j**2. What is the units digit of c(6)?
2
Suppose 59*a - 2928 = 55*a. What is the hundreds digit of a?
7
Let f = -12 + -9. Let g = 37 + f. What is the tens digit of g?
1
Let a(v) = v**2 + 4*v - 6. Let z be a(-10). Let f = z + -33. What is the units digit of f?
1
Let n be 6/(-27) + 986/(-18). Let l = -28 - n. Suppose 0 = 4*x - 7*x + l. What is the units digit of x?
9
Let g = -11952 + 17912. What is the tens digit of g?
6
Let f be 53 + -2 - 4/(-4). Let x = f + -20. Suppose -x = -4*y + 80. What is the units digit of y?
8
Suppose 2*l + g = 4*l + 5, -5*l = 4*g + 32. What is the units digit of (11/l)/((-9)/216)?
6
Let o be 14/21 - 24/9. What is the units digit of ((-1)/o)/((-11)/(-3014))?
7
Suppose 2*p - 514 = 2*d - 0*d, d - 759 = -3*p. What is the units digit of p?
4
Suppose 2*n - 3*q = q + 20, 4*q + 8 = -4*n. Let l be 9/(-6)*n*-2. What is the tens digit of (-12)/l + 48/2?
2
Suppose 4*w - 343 - 1285 = 0. Suppose 236 = 3*c - 4*i - 216, -3*c = 5*i - w. Suppose -r = -4*r + c. What is the tens digit of r?
4
Suppose -22 + 28 = 2*q. Suppose 0 = -5*n + q*n + 104. What is the tens digit of n?
5
Let d = -21 + 19. What is the tens digit of (65 - 3/1) + d?
6
Let i(d) = -9*d - 4. Let y be (15/(-45))/(52/(-54) - -1). What is the tens digit of i(y)?
7
Suppose -54 = -g + 28. Let i = g - 55. Suppose f - i = -2*f. What is the units digit of f?
9
What is the units digit of ((-754)/78)/(2/(-18))?
7
Suppose -3*c + 2*i = -16, 5*c - 4*c = 3*i + 17. Suppose -c*m - 24 = -8*m. What is the units digit of m?
4
Suppose 7*j - 27 = -3*q + 2*j, -2*q - 5*j = -18. Let f = q + -5. What is the units digit of (-6)/(-3)*34/f?
7
Let l = -215 + 257. What is the units digit of l?
2
Let s = -37 - -44. Suppose s*h - h = 954. What is the units digit of 3/(-2) + h/2?
8
Suppose -4*a - 5*m + 15 = -1, m = 2*a - 8. What is the tens digit of (2/a + 0)*148/2?
3
Let p(g) = 7*g**2 - 2*g - 39. What is the tens digit of p(-8)?
2
Let o(g) = -3*g**3 - 8*g**2 - 6*g - 2. What is the hundreds digit of o(-7)?
6
Let a = -958 + 1472. What is the tens digit of a?
1
Let t = -133 + 571. What is the tens digit of t?
3
Let t = 1763 + -1231. What is the tens digit of t?
3
Suppose -5*t = 4*u - 0 + 4, -28 = -4*u + 3*t. Let k be 2/8 - (-11)/u. Suppose i = -k*i + 12. What is the units digit of i?
3
What is the tens digit of 120/(-200) + 10206/10?
2
Suppose 2*t + 2*c - 151 - 45 = 0, t - 118 = 3*c. What is the tens digit of t?
0
Let f = -118 + -713. What is the tens digit of (-6)/15 + (1 - f/15)?
5
Let o = -2040 - -4227. What is the hundreds digit of o?
1
Suppose -409 = 5*q - 2159. What is the hundreds digit of q?
3
Let k(r) be the second derivative of r**4/8 - 5*r**3/2 - 9*r**2/2 + 5*r. Let h(f) be the first derivative of k(f). What is the units digit of h(6)?
3
Let u(j) = -1848*j - 58. What is the tens digit of u(-2)?
3
Suppose -3014 = -2*y - 3*s, 5*s - 620 + 5141 = 3*y. What is the thousands digit 